Convert -314 (base 11) to base 2.
-101111010
Convert 14400 (base 6) to base 3.
10011100
What is 10100011001110 (base 2) in base 6?
120210
What is -1203a (base 13) in base 3?
-1200021101
Convert -1121 (base 3) to base 13.
-34
-101100122 (base 3) to base 12
-4452
Convert 111010101 (base 2) to base 8.
725
1763 (base 12) to base 15
c76
Convert 32223311 (base 4) to base 12.
2a985
a89 (base 16) to base 12
1689
-10110011001110 (base 2) to base 10
-11470
-21031 (base 4) to base 16
-24d
Convert -577 (base 10) to base 9.
-711
-389 (base 12) to base 15
-25c
What is 3708 (base 9) in base 14?
1014
Convert 2b6 (base 16) to base 8.
1266
-3583 (base 13) to base 8
-16567
-131042 (base 5) to base 8
-12033
What is 1132330 (base 4) in base 11?
4624
-a8e (base 15) to base 11
-1878
What is 306 (base 12) in base 16?
1b6
Convert -20032 (base 5) to base 7.
-3460
-111002 (base 3) to base 6
-1345
What is -10335 (base 6) in base 5?
-21202
What is -2203030 (base 4) in base 9?
-15284
What is -30140 (base 5) in base 3?
-2122010
-11030 (base 4) to base 13
-1c7
What is -1975 (base 12) in base 11?
-2380
What is -324 (base 8) in base 2?
-11010100
Convert -623 (base 8) to base 11.
-337
What is -13570 (base 8) in base 5?
-143013
-1303 (base 7) to base 11
-409
What is 222 (base 11) in base 12?
1a2
Convert 34b5 (base 15) to base 3.
120100122
-15042 (base 9) to base 2
-10100000000100
Convert 10033031 (base 4) to base 8.
41715
What is -3201 (base 4) in base 16?
-e1
-1010021222 (base 3) to base 8
-53105
What is 3c7c (base 16) in base 10?
15484
What is -20701 (base 10) in base 8?
-50335
What is -109b (base 13) in base 5?
-33300
473 (base 9) to base 5
3030
-342 (base 10) to base 5
-2332
6050 (base 13) to base 5
410442
9a00 (base 11) to base 16
3385
What is 1097 (base 14) in base 8?
5475
-53730 (base 8) to base 15
-69e3
-10000011001 (base 2) to base 15
-49e
Convert 866 (base 10) to base 5.
11431
Convert 242 (base 9) to base 16.
c8
10654 (base 9) to base 14
282c
What is -1155 (base 6) in base 10?
-287
-246414 (base 8) to base 5
-10212020
Convert 11101122 (base 3) to base 4.
302003
Convert -2111010 (base 4) to base 7.
-36546
Convert -1010220 (base 3) to base 10.
-834
6325 (base 12) to base 14
3d37
Convert -11101100111 (base 2) to base 8.
-3547
What is 275 (base 16) in base 14?
32d
Convert -12321 (base 4) to base 6.
-2013
-43434 (base 5) to base 16
-bb2
Convert -6b8 (base 13) to base 4.
-102031
639 (base 14) to base 10
1227
Convert 9a4 (base 11) to base 4.
102303
What is 103a (base 12) in base 7?
5113
What is -10001001100 (base 2) in base 12?
-778
147 (base 14) to base 4
10003
Convert 703 (base 10) to base 12.
4a7
What is 4318 (base 15) in base 6?
145422
What is -1101000010001000 (base 2) in base 14?
-15652
5b (base 14) to base 3
10000
What is -10215 (base 6) in base 16?
-563
Convert 100100 (base 3) to base 2.
11111100
Convert -18759 (base 10) to base 2.
-100100101000111
Convert 31130102 (base 4) to base 13.
1c0a3
Convert -1856 (base 10) to base 8.
-3500
What is -1417 (base 16) in base 5?
-131033
Convert -fa (base 16) to base 2.
-11111010
Convert -3797 (base 15) to base 2.
-10111001000010
Convert 2586 (base 9) to base 14.
9c9
Convert 2110100101 (base 3) to base 16.
bcef
Convert -506 (base 16) to base 8.
-2406
What is -25ce (base 15) in base 5?
-224234
-101 (base 9) to base 12
-6a
What is 14 (base 6) in base 5?
20
18465 (base 12) to base 14
cb93
What is -101010000110 (base 2) in base 15?
-be9
-347 (base 8) to base 2
-11100111
1300042 (base 5) to base 9
37282
-1111001110000000 (base 2) to base 15
-1370b
-4400 (base 5) to base 6
-2440
What is c3e (base 16) in base 6?
22302
What is 17ad (base 14) in base 10?
4269
ba (base 15) to base 7
340
1100020 (base 3) to base 8
1722
What is -1010100000110 (base 2) in base 3?
-21101100
Convert -598 (base 16) to base 11.
-1092
What is 3964 (base 11) in base 3?
21001211
What is 122302 (base 5) in base 8?
11136
What is 32b2 (base 12) in base 4?
1113212
-20211 (base 3) to base 15
-c4
Convert -2201 (base 9) to base 16.
-655
Convert -10713 (base 10) to base 14.
-3c93
What is 111210100 (base 3) in base 14?
3941
Convert 3516 (base 14) to base 9.
13587
Convert 120102110 (base 3) to base 13.
516c
20343 (base 7) to base 6
35020
Convert 122210 (base 3) to base 15.
220
3030 (base 6) to base 2
1010011010
What is 42c2 (base 15) in base 9?
21342
Convert 23464 (base 9) to base 7.
63514
-33142 (base 5) to base 9
-3132
What is -1420 (base 7) in base 9?
-674
-50021 (base 6) to base 4
-1211131
13441 (base 5) to base 7
3161
Convert -3122130 (base 4) to base 16.
-369c
Convert -433 (base 14) to base 6.
-3501
Convert -19a9 (base 15) to base 10.
-5559
What is -110010100 (base 2) in base 6?
-1512
-6245 (base 9) to base 2
-1000111100001
Convert 10430 (base 5) to base 16.
2e4
What is -3460 (base 7) in base 16?
-4f3
Convert 9b22 (base 14) to base 7.
141242
-6351 (base 8) to base 7
-12431
Convert 4abd (base 15) to base 11.
10a70
What is -35015 (base 6) in base 13?
-2360
What is -5342 (base 12) in base 6?
-110122
Convert -9433 (base 11) to base 8.
-30323
-3300310 (base 4) to base 11
-10641
Convert 16e (base 16) to base 11.
303
-18538 (base 10) to base 4
-10201222
Convert -522 (base 8) to base 9.
-415
What is -36784 (base 11) in base 12?
-26700
468 (base 10) to base 6
2100
-1225 (base 6) to base 16
-131
What is ac62 (base 15) in base 10?
36542
-304 (base 11) to base 8
-557
What is -31532 (base 7) in base 10?
-7814
What is -354 (base 16) in base 3?
-1011120
-219 (base 11) to base 9
-321
Convert 393 (base 13) to base 6.
2523
a357 (base 11) to base 7
55021
-18047 (base 11) to base 15
-7795
Convert 908 (base 14) to base 6.
12112
Convert -13752 (base 10) to base 2.
-11010110111000
Convert 4541 (base 6) to base 5.
13234
6cd (base 16) to base 3
2101111
Convert 1312 (base 7) to base 16.
1f3
2292 (base 13) to base 4
1023303
What is b81 (base 16) in base 6?
21345
What is -1ba4 (base 16) in base 7?
-26426
Convert 161714 (base 8) to base 13.
2070b
What is 679 (base 13) in base 11?
923
What is -4073 (base 9) in base 12?
-1886
What is 2210 (base 6) in base 14?
286
5432 (base 6) to base 2
10011011100
What is -53747 (base 8) in base 4?
-11133213
Convert 35343 (base 9) to base 11.
16814
-197 (base 13) to base 6
-1205
Convert -11000111 (base 2) to base 13.
-124
Convert -1730 (base 10) to base 7.
-5021
What is 1450 (base 16) in base 4?
1101100
What is -52457 (base 8) in base 13?
-9c06
2d3 (base 14) to base 2
1001000001
What is -332161 (base 7) in base 11?
-3a973
What is -82a (base 14) in base 5?
-22411
Convert 135 (base 13) to base 15.
e3
What is 120010 (base 3) in base 11?
341
Convert 855 (base 15) to base 12.
1108
What is -343 (base 9) in base 10?
-282
Convert 77865 (base 9) to base 8.
145031
-1100011 (base 3) to base 16
-3d0
111101010101 (base 2) to base 15
126a
Convert -a9b8 (base 12) to base 5.
-1044331
What is -7af7 (base 16) in base 13?
-11436
-1012222 (base 3) to base 14
-478
Convert 1136 (base 15) to base 3.
12000020
52 (base 12) to base 4
332
Convert 509 (base 10) to base 8.
775
What is 102302 (base 5) in base 13?
1757
What is 434124 (base 5) in base 3?
202110101
111120221 (base 3) to base 11
7497
-2245 (base 6) to base 3
-201202
What is -333 (base 6) in base 16?
-81
What is 1111100001 (base 2) in base 12?
6a9
What is -37111 (base 9) in base 4?
-12010231
What is 152 (base 7) in base 14?
62
What is 13443 (base 6) in base 13?
c69
What is -1122112 (base 3) in base 7?
-3335
What is -8299 (base 11) in base 10?
-10998
What is -2f4 (base 16) in base 13?
-462
What is -5d (base 14) in base 16?
-53
-1224 (base 11) to base 9
-2166
Convert 6d1 (base 16) to base 11.
1347
Convert -b5a (base 12) to base 14.
-862
-15548 (base 12) to base 14
-adba
Convert -5073 (base 10) to base 7.
-20535
Convert 12d1 (base 16) to base 3.
20121102
Convert 5570 (base 8) to base 9.
4022
What is -1001110101 (base 2) in base 7?
-1556
Convert 100 (base 9) to base 10.
81
250405 (base 6) to base 13
a133
What is 244114 (base 5) in base 13?
42c2
What is -4c8 (base 16) in base 12?
-860
What is 1b (base 16) in base 7?
36
What is -9962 (base 10) in base 16?
-26ea
What is 161026 (base 8) in base 16?
e216
What is -1763 (base 14) in base 11?
-3181
What is -1001011 (base 4) in base 7?
-15100
What is -3862 (base 15) in base 2?
-10111011110001
